(x) = 15 - 18*x**2 - 12*x - 7*x + 20 + 19*x**2. Is p(20) a composite number?
True
Let v be (6/4)/((-3)/(-4)). Suppose -2*s + 13732 = 4*m, -2*s - v*m = -14229 + 499. Is 2/(-1 - -7)*s/16 prime?
False
Let n(u) = -u**3 + 2*u**3 + 52*u - 50*u + 7. Let b be n(0). Is 26904/32 + b/(-4) + 2 composite?
True
Let n = -61 - -52. Let o(u) = 111*u**2 - 12*u + 4. Is o(n) a prime number?
True
Suppose 4*d + 21*h = 16*h + 13, -5*h + 7 = d. Is 12/d - 13/(-26)*7906 a prime number?
False
Let x(v) = 2*v**3 + 17*v**2 + 8*v + 14. Let z be x(-8). Let b(a) = 6*a**2 - 9 + 13*a**3 - 9*a - z*a**3 - 4*a. Is b(-8) a composite number?
False
Let m(h) = 16*h**2 + 15*h + 138. Suppose -1 = 10*r + 69. Is m(r) composite?
True
Suppose 89*p - 99*p + 800 = 0. Let k = 75 + -43. Is (-8983)/(-5) + k/p a prime number?
False
Let q = 393 - 388. Let v(l) = 57*l**2 + 9*l + 41. Is v(q) composite?
False
Let c(y) = -3*y**3 - 31*y**2 - 8*y + 14. Let z be c(-10). Let h(i) = 7*i**2 - 4*i + 15. Is h(z) a composite number?
True
Let r be (-3)/(-5) + (2 - (-28)/(-5)). Let z be (r - -4 - -3)/(-1) - 0. Is 31/3*3 - z composite?
True
Let s(i) = 78*i**2 + 2*i + 31. Let b(t) be the second derivative of -13*t**4 - t**3/2 - 61*t**2/2 - 14*t. Let c(p) = 3*b(p) + 7*s(p). Is c(11) a prime number?
False
Let w = 27549 - 7154. Is w a composite number?
True
Let j(y) = 193*y**2 - 4*y + 3. Let u(a) = a**3 + 3*a**2 + a. Suppose -9*i + 4*i = 10. Let m be u(i). Is j(m) prime?
False
Suppose -1133 - 14352 = -5*b. Suppose -4*p + b + 12739 = 0. Is p composite?
True
Let l be ((-1)/(-2))/(-9 + 69115/7680). Let d = l + 4067. Is d prime?
True
Suppose 0 = -4*i + 485*j - 487*j + 2097860, -2*j + 1573393 = 3*i. Is i composite?
True
Suppose 2*f + 7 = 15. Suppose 2*j + 56 + 32 = -4*p, 4*j + 88 = -f*p. Is 33/p - 1441/(-2) prime?
True
Suppose 0 = 2*n - 5*a - 7912, 5*n - 5*a - 15794 = n. Is n composite?
True
Suppose -78473*p + 78485*p = 816876. Is p prime?
False
Suppose 10*h - 285648 + 192035 = 1409977. Is h a composite number?
True
Let l(v) be the second derivative of 25*v**3/3 + 3503*v**2/2 - 221*v. Is l(0) a composite number?
True
Let a = -13712 - -21933. Suppose a = 3*s - 2*m, s - 3*m - 2802 + 64 = 0. Is s a prime number?
True
Suppose 61165 = -13*a + 18083. Let v = 5749 + a. Is v a prime number?
False
Suppose 292689 = 10*h - 707501. Is h a composite number?
False
Suppose -2*l + 4*c + 14330 = 0, -6*l - 2*c = -l - 35885. Suppose 0 = o - 8*o + l. Suppose -5*v + o = -270. Is v a composite number?
True
Suppose 0 = 2*s - 25 + 21. Suppose -2 = -3*t + 1, s*w + 3*t - 3277 = 0. Is w a prime number?
True
Let j(l) = l**3 - 3*l + 2. Let b be j(2). Suppose 2*y - 2127 = b*q - 12411, -q = 5*y - 2549. Is q composite?
True
Let v = -143 + 145. Suppose k + 2*f = 1643, v*f + f + 3251 = 2*k. Is k a composite number?
True
Let k = -4 - -9. Suppose 9 = -3*p, -9 = -2*v + k*v + 5*p. Suppose -v*w = 3*l - 637, 3*l - 5*l = -w - 420. Is l prime?
True
Suppose -4 = n, -10*f = -5*f + 2*n - 661577. Is f a composite number?
True
Suppose 0 = -j - 2*x - 3*x - 4, -3*j - x = -2. Is j*-7 + 3540/5 composite?
False
Suppose -4*j + 52 + 68 = 0. Suppose b = 6*b - j. Is (3/(-6))/(b/(-1956)) composite?
False
Suppose -3*l + 15 = 0, -3*c + 10*l - 14*l = -62501. Is c a prime number?
False
Suppose 12*j + 15*j = 12370782 - 2832249. Is j composite?
True
Suppose 5*c = -4*n + 96, 2*n + 103 = 5*c - n. Suppose c*z - 3933 = 11*z. Is z prime?
False
Suppose 3*j + 2 = 4*j. Suppose -7*i = -j*i - 15. Let c(o) = 21*o**2 - 4. Is c(i) a prime number?
False
Let k be (-28934)/4 + 14/28. Let n = -3734 - k. Is n prime?
True
Let y = 5133 + -8267. Let o = y + 6307. Is o prime?
False
Let h(o) = 8*o**2 - 4*o - 8. Let x be h(6). Let l = 122 + -291. Let g = x + l. Is g a composite number?
True
Suppose 20 + 52 = 9*i. Suppose -i*j - 2138 = -10*j. Is j a prime number?
True
Let y = -4282 - -8666. Let u = 8363 - y. Is u a prime number?
False
Let w = -1162 + 1753. Suppose 12*c = 8487 - w. Let s = 1107 - c. Is s a composite number?
False
Let d(f) = -6*f**3 - 9*f**2 + 4*f - 3*f**3 + 11*f**3 - f**3 - 11. Let b(y) = 6*y + 129. Let k be b(-19). Is d(k) a composite number?
False
Suppose 4*j = -4, -4*j + 1306 = f - 5872. Is (2 - 6) + f/2 prime?
False
Suppose 4*l + 55086 + 128350 = 0. Let k = -20862 - l. Is k prime?
False
Let d be -1*(0 + -1)*(-16245 - 10). Is (d/1)/((-1)/(1 - 0)) a prime number?
False
Let n be 36 - -1 - (0 - -1). Suppose 0 = -4*d + 3*r + 2605, -2*d + 16*r + 1290 = 12*r. Let a = n + d. Is a composite?
False
Suppose 2*i + 12 + 8 = 0. Let t be (-2*i/15)/(2/3). Suppose -t*p = 5*p - 8939. Is p composite?
False
Let x = 59127 - -94394. Is x a prime number?
True
Let p be 5 + 0 + 0 + -6 + 3. Let q be p/(-10)*-603 - (-6)/15. Let f = 10 + q. Is f composite?
False
Let v = -60917 + 133926. Is v a composite number?
False
Suppose -60*u = -42*u + 12562 - 297160. Is u a prime number?
False
Suppose b - 11 = -c, 5*c - 9*c - 10 = -5*b. Is (-4 + b)/((-8)/(-21332)) composite?
False
Let n(c) = c**2 - 14*c - 19. Let f be n(15). Let d be 51/(-85) - f/(-10). Is 1568 - 32 - (d - -2) a composite number?
True
Let g(u) = -7*u + 327. Let n be g(48). Is 2/(-1) + (-46719)/n composite?
False
Let f(u) = u**3 + 17*u**2 - 13*u - 4. Suppose 94 + 127 = -13*x. Let t be f(x). Suppose -t + 1523 = 2*c. Is c prime?
True
Let m(p) = -10265*p + 916. Is m(-21) composite?
False
Let m(w) be the second derivative of 71*w**4/12 - w**3/2 - w**2/2 - 17*w. Is m(3) a composite number?
True
Let h = -353988 + 757981. Is h prime?
True
Let x be 4 + 0 + -5 + 6. Suppose -85 = x*h + 5*t, -4*h = -2*t - t + 75. Let s(b) = 2*b**2 + 16*b + 19. Is s(h) a composite number?
False
Let u(c) be the first derivative of 2*c**5/15 + 7*c**4/24 + 11*c**3/3 + 6. Let x(p) be the third derivative of u(p). Is x(4) composite?
False
Let z = 41 - 25. Suppose 0*a + b = -a + 8, 5*a - z = 3*b. Suppose -a*g = -96 - 299. Is g composite?
False
Let h(a) be the second derivative of 17/6*a**3 - 27/2*a**2 + 1/4*a**4 - a + 0. Is h(14) a composite number?
True
Suppose 3*g = r - 7802, -3*r - 5*g = 2679 - 26155. Is r a composite number?
False
Let w(i) = 4*i**3 - 125*i**2 - 78*i + 155. Is w(54) prime?
False
Suppose 0 = 2*c + 2*g - 1 - 5, -3*g = c - 9. Suppose 3*r + l = -r + 40888, c = r + 4*l - 10237. Suppose 1273 = -4*i + r. Is i prime?
True
Suppose 5*a = -k - 2*k + 28, a + 3*k = -4. Suppose 10*j - a*j = 2. Is 467 - (-1 - (0 + j)) composite?
True
Let g = 4184 + -596. Suppose -3*q - 3573 = -a - q, -3*q + g = a. Is a a composite number?
True
Let o(m) = -9*m**3 - 37*m**2 + 22*m + 36. Let y(k) = 2*k**3 + 2*k + 1. Let i(j) = -o(j) - 5*y(j). Is i(31) a prime number?
True
Let s(g) = -55*g - 31*g + 5 + 20*g. Let a(u) = u**2 - 20*u - 1201. Let v be a(46). Is s(v) a composite number?
True
Suppose -18*r + 112 = -86. Let m(n) = n**2 + 4*n - 76. Is m(r) composite?
False
Let c = 3139 - 2215. Suppose 0 = -3*d - 423 - 456. Let o = c + d. Is o a prime number?
True
Let o(l) = -19506*l + 2609. Is o(-15) composite?
False
Let k(f) be the third derivative of 11*f**6/120 - f**5/20 - 5*f**4/4 + 17*f**3/6 - 15*f**2. Is k(7) a composite number?
False
Let c(k) = 30678*k + 1031. Is c(1) composite?
True
Let f(p) = 87102*p - 2803. Is f(6) a composite number?
True
Suppose 9*p = 192598 + 60383. Is p a prime number?
True
Let r = -17516 + 6035. Let m = 20536 + r. Is m composite?
True
Let x(n) = -2*n**2 - 31*n - 42. Let y be x(-14). Suppose y = 3*l + 3*k - 14613, 6*k + 4871 = l + 8*k. Is l a prime number?
True
Suppose 19*w - 26 = -7*w. Is -8818*((-18)/12 + w) a prime number?
True
Is 35948646/50 + (-70)/(-875) composite?
False
Let a = 5 - 34. Let m = -33 - a. Is (((-96677)/(-14))/(-7))/(2/m) a composite number?
False
Suppose 2*h + 12*g = 8*g + 709846, -2*g = -12. Is h a composite number?
False
Suppose -16*g = 616139 - 1287051 - 3920336. Is g composite?
True
Suppose -37 = b - 40. Is (-1 + b)*49763/14 composite?
False
Suppose -44*b - 364620 = -46*b. Is (-8)/36 - (b/(-27) + 3) prime?
False
Suppose 2*w + 886997 = 5*z, -z - 5*w + 177582 = 215. Is z a prime number?
False
Let c = 592471 - -504618. Is c prime?
False
Let b = -51915 - -109890. Suppose -27*s = b - 303864. Is s composite?
True
Is 0 - 8048/48*-1317 composite?
True
Suppose -c + 2*i + 5 = -0*c, 0 = -2*c - 5*i - 26. Let s be 4/(-18)*c*6. Is s/6 - (-4)/(96/39752) composite?
False
Let